Suppose 4*m + n = 6*m. What is the tens digit of m?
3
Let j be 6/(98/24 - 4). Let k = -29 + 56. Let v = j - k. What is the units digit of v?
5
Let z be (-3)/(2 + -1) - -3. Let k = z + -3. Let u(g) = -g**3 + 5*g + 3. What is the tens digit of u(k)?
1
Suppose 14 = -j - 5*c, -5*c + 2*c = -4*j + 59. Let p(v) = -v**2 + 20*v - 15. What is the tens digit of p(j)?
8
Suppose -158 = 4*b - 882. What is the tens digit of b?
8
Let j(a) = -3*a**2 - 20*a - 12. Let m be j(-6). Suppose -i + w + 92 = m, 0*w - 2 = w. What is the tens digit of i?
9
Let h = 165 - 96. Suppose 4*s + t - h = 0, -3*s + 48 = -0*s + 2*t. What is the units digit of (-83)/(-2) - (-9)/s?
2
Suppose 2360 = 4*v - 376. What is the tens digit of v?
8
Let q(a) = -7*a + 97 - 33 - 37 - a**2 - 35. Let h = -7 + 3. What is the units digit of q(h)?
4
What is the hundreds digit of (-48)/(-32) + (-1)/(-2) + 231?
2
Let p = -3 + 7. Let d(h) = -3*h**2 + 9*h + 2. Let f(m) = 2*m**2 - 5*m - 1. Let l(y) = p*d(y) + 7*f(y). What is the units digit of l(-3)?
6
Let d be 6/42 + (-68)/(-14). Suppose d*l - 3 = 2*l. What is the units digit of 28/2 - -3 - l?
6
Let p = 2 - 0. Suppose 5*o = p*s + 14, -2*o + 7*o = -5*s + 35. What is the units digit of s?
3
Let f(r) = -179*r + 133. What is the hundreds digit of f(-7)?
3
Suppose 720 + 338 = 2*o. What is the tens digit of o?
2
Suppose -2*r - 7 + 3 = 0. Let z = 4 + r. Suppose z*w - 24 = w. What is the tens digit of w?
2
Let k be (1 - -4)/((-1)/(-1)). Suppose k*f = -2*u + 21, -6*f = -4*f - 2*u. Suppose 0 = f*w - 13 - 35. What is the units digit of w?
6
Let d(k) = -4*k**2 - 9*k + 5. Let t(r) = 7*r**2 + 19*r - 10. Let c(w) = -9*d(w) - 4*t(w). What is the tens digit of c(2)?
3
Let m(k) = 0*k - 2*k + 5*k + 16. What is the units digit of m(11)?
9
Let d = 4 + -7. Let x be (-143)/d - 3/(-9). What is the units digit of 6/(-2*(-9)/x)?
6
Let t = -39 + 60. Let f = 23 - t. Suppose o - 26 = -f*l - 3*o, 16 = 2*l + 2*o. What is the units digit of l?
3
Let g(m) = m - 6. Let v be g(-8). What is the tens digit of 8/v + (-7625)/(-175)?
4
Let f = 8446 + -5716. What is the hundreds digit of f?
7
Suppose -705 + 4250 = 3*c + n, -2*c + 3*n + 2356 = 0. What is the tens digit of c?
8
Suppose -2*f - 5 = 3. Let u be (6*-1)/(2/f). What is the units digit of 162/8 + u/16?
1
Suppose 24*x - 14*x = 3570. What is the units digit of x?
7
What is the units digit of -8 - -7 - -452 - -1?
2
Suppose 11*o + 6318 = 4*x + 9*o, -o - 4740 = -3*x. What is the hundreds digit of x?
5
Suppose -2*u = r - 5 - 403, -2*r + 406 = 2*u. Suppose 0 = 2*a + 4*l - u - 83, 2*a - 283 = -3*l. What is the hundreds digit of a?
1
Let g(c) = c**3 + 9*c**2 + 11*c - 1. Let j be g(-8). Let a = j + 69. What is the units digit of a?
4
Suppose -5*j + 285 = -30. Let t(k) = 127*k**2 - k. Let h be t(1). Let u = h - j. What is the tens digit of u?
6
Let s be -1 + 6/9 + 1/3. Suppose s = -7*c + 5*c + 16. What is the units digit of c?
8
Let j(t) = -143*t - 153. What is the tens digit of j(-9)?
3
Let s = 376 - -584. What is the hundreds digit of s?
9
Suppose -46 = 6*g + 2. Let f(h) = -5*h. Let x(o) = 2*o. Let l(u) = -2*f(u) - 6*x(u). What is the tens digit of l(g)?
1
Let k(x) = -19*x**3 + 2*x**2 - 16*x - 48. What is the tens digit of k(-5)?
5
Suppose r - 4*j - 19 = 0, -2*j = -5*r - 0*j + 41. Let l(t) = -27*t - 7. Let i be l(r). What is the units digit of 2/(-8) + i/(-16)?
2
Let a be 4*3/(-6)*-1. Let y be (0 + 4)/a + -2. Suppose y*c - 24 = -c. What is the units digit of c?
4
Let n = 1488 - -1064. What is the thousands digit of n?
2
Let i(p) = p**3 - 3*p**2 + 6*p + 31. Let o be i(7). Suppose -o - 245 = -2*s. What is the units digit of s?
7
Let z(o) = -26*o + 42. Let v = 44 - 50. What is the tens digit of z(v)?
9
Let j be (4/18)/((-16)/(-264))*3. Suppose z - j - 317 = 2*m, -z + 331 = -5*m. What is the tens digit of z?
2
Let h(b) = 11 + 6 - 8*b - 21. What is the tens digit of h(-12)?
9
Suppose z - 4*i - i - 10 = 0, -5*z - 3*i = 6. Suppose z = 8*p - 105 - 999. What is the hundreds digit of p?
1
Let f = 1458 + -782. What is the units digit of f?
6
Let f = 12 - 3. Let w be f/(-4) + (-1)/(-4). What is the units digit of 3 - (0 + (0 - w))?
1
Let m(j) = -j**3 - 33*j**2 + 22*j + 51. What is the units digit of m(-34)?
9
Let u(y) = -549*y**2 - 2. Let h be u(-2). What is the tens digit of h/(-91) + 4/(-26)?
2
What is the tens digit of ((-34)/(-68))/(2/3188)?
9
Let p(l) = -2*l**3 - 5*l**2 - l + 2. Let s be -2*1/(-2) - -3. Suppose 2*z + 2 = -s. What is the units digit of p(z)?
4
Suppose q - 24 = 3*q. Let z = -14 - q. What is the units digit of 1 + z + (2 - -21)?
2
Suppose -26 = 4*i - 122. What is the tens digit of i?
2
Suppose 0 = -6*r + r + 30. Let u(l) = -l**2 + 11*l + 6. What is the tens digit of u(r)?
3
Let z(f) = 156*f**2 - 15*f. What is the hundreds digit of z(-2)?
6
Suppose 28446 = 3*m + 30*m. What is the tens digit of m?
6
Let l(j) = -j**2 + 43*j - 10. What is the units digit of l(21)?
2
Let g(p) = 3*p + 26. Let a be g(15). What is the units digit of a/4 - (-21)/(-28)?
7
Let x(j) = -2*j**2 - 11*j - 1. Let b be x(-6). Let a(y) = -11*y - 18. Let q be a(b). What is the tens digit of 3*4/(-12) + q?
5
What is the units digit of 6/(-4) - 3/((-12)/370)?
1
Let i(o) = 12*o + 6. Let h be i(3). Suppose 3*b = h + 9. What is the tens digit of b?
1
Let o be 6 + 0 + (6 - 3). Suppose o - 81 = -6*v. What is the units digit of v?
2
Let h(j) = 11*j**2 - 5*j + 68. What is the tens digit of h(-10)?
1
Suppose 2*h - 6*h = -20. Suppose 0 = h*g - 235 - 105. What is the units digit of g?
8
Let r(i) = 7*i + 4. Let f be (2 + 0)*(-15)/(-6). Let n be r(f). Suppose n = 3*m - 18. What is the units digit of m?
9
Let c be (-3)/(-2)*342/3. Suppose p - 5*h - c = -2*p, 5*p - 295 = 5*h. What is the tens digit of p?
6
Let n = -11 + 31. Suppose 0 = -5*u - n, 0 = 3*r - 8*r - 4*u + 164. What is the tens digit of r?
3
Let p = 4600 - 2623. What is the thousands digit of p?
1
Let t be 2/(256/(-129) - -2). Let d = -26 + t. Let y = 150 - d. What is the tens digit of y?
4
Let d = -1523 + 3942. What is the units digit of d?
9
Let s(m) = 222*m - 190. What is the thousands digit of s(9)?
1
Let z = -27 + 45. Let l = -15 + z. Suppose -h + 264 = 3*h - 5*t, l*h - 4*t - 197 = 0. What is the tens digit of h?
7
Let d = 23 - 13. Let i(t) = t**2 - 9*t - 10. Let r be i(d). Suppose -b + 3 + 2 = r. What is the units digit of b?
5
Suppose 5*t + 2*k - 1231 = 4421, 4*t - 2*k - 4536 = 0. What is the units digit of t?
2
Let q be 117/26*16/6. Let t = q - 0. What is the tens digit of t?
1
Let l be 12/9*(20 - 2). Let d be ((-12)/l)/(1/10). What is the tens digit of d*((-34)/10 + -1)?
2
Let w be (-4)/16*-3*-72. Let g be 2/(-9) + (-174)/w. Suppose g*v - 34 = 2*v. What is the tens digit of v?
3
Let b be 7/(7/(-2)) - -1. Let p be b - 3/(0 + -3). Suppose p*w + 36 = w. What is the units digit of w?
6
Suppose 8*q + 405 = 13*q. Let v = 181 - q. What is the hundreds digit of v?
1
Let d(f) = f**3 - 9*f**2 + 6*f - 4. Let p be d(8). Let x be (48/p)/(3/10). What is the tens digit of x/(-32) - (-143)/4?
3
Let d be -3 + (13 - -1) - -1. Suppose -16 = -4*p + 2*c, 0*p + 3*p + 4*c - d = 0. Suppose p*g - 10 = 18. What is the units digit of g?
7
Let u(q) = -3*q**3 - 5*q**2 + 2*q - 1. Let s(k) = -k**3 + k. Let b(c) = -2*s(c) + u(c). What is the units digit of b(-6)?
5
Let t = 1 - -6. Suppose 0*s = s + t. Let q(o) = -o**3 - 6*o**2 + 3*o - 3. What is the units digit of q(s)?
5
Let n(s) = -s**3 + 3*s**2 + 3*s - 2. Let k be -1*1/3*-9. Let g be n(k). Suppose -g = 4*w - 35. What is the units digit of w?
7
Let u(y) be the second derivative of y**4/12 - y**3 + 7*y**2/2 + 21*y. What is the tens digit of u(-5)?
6
Suppose 2*n - 16 = 4*j - 3*j, j = 5*n - 25. Let h be (13 + -12)*j/(-2). Suppose 2*z - h = 7*z, -z + 41 = 2*m. What is the units digit of m?
1
Suppose -3*j + 88 = 3*k - 182, 177 = 2*j - k. What is the tens digit of j?
8
Let q(o) = -10*o + 5*o**2 - 9 + 19 + 9 - 3*o**2. What is the tens digit of q(9)?
9
Let j = -5378 - -7584. What is the tens digit of j?
0
Let c(n) = -n**3 + 4*n**2 + 8*n - 11. Suppose -3*j + s = -12, 10 = 5*j - 2*s - 3*s. Let m be c(j). Suppose -m*v = -31 - 25. What is the units digit of v?
4
Let l(c) = 24*c**2 - 17*c - 14. What is the tens digit of l(-4)?
3
Let z = 535 - 224. What is the hundreds digit of z?
3
Let k be -14*9*2/21. Let y